3*h - 1. Calculate the remainder when 5 is divided by l(z).
2
Let o(m) = m**2 - 2. Let u be o(0). Let r(y) = -11*y - 2. Suppose -1232 = -6*t - 10*t. What is the remainder when t is divided by r(u)?
17
Suppose -50 - 4 = 3*j. Let h = j + 26. What is the remainder when 13 is divided by h?
5
Let x(g) = -3*g**2 + g + 1. Let k be x(2). Let v = 12 + k. What is the remainder when v is divided by 1?
0
Suppose 5*d + 5*a = -0*a, -2 = a. Suppose 5*j - 29 = -4. Suppose -2 + 12 = j*u. Calculate the remainder when d is divided by u.
0
Suppose 3*p + 3*g - 52 = 20, 0 = 4*p + 3*g - 96. Calculate the remainder when 69 is divided by p.
21
Suppose 4 - 20 = -i. What is the remainder when (-2)/(i/17 - 1) is divided by 9?
7
Let p = -54 + 61. What is the remainder when p is divided by 4?
3
Suppose 5*v = -5 + 30. Let c be (-2)/8 - 18/(-8). What is the remainder when 2 + 24/(0 + c) is divided by v?
4
Let d(y) = -y**2. Let q be d(2). Let f = 33 - q. What is the remainder when f is divided by 19?
18
What is the remainder when (86 - 1)*6/15 is divided by 12?
10
Let b be (-2 + 3)*(-5)/(-1). Suppose 0 = -b*t + 19 + 11. Suppose 0 = 2*l + 3*l - 85. Calculate the remainder when l is divided by t.
5
Let b(s) = -2*s**2 + 13*s + 10. Calculate the remainder when 29 is divided by b(6).
13
Let u be (-30)/(-4)*8/6. Let k = u + -7. What is the remainder when 5 is divided by k?
2
Let a(r) = r**3 - 5*r**2 - 3*r - 6. Let o be a(6). Calculate the remainder when 2 is divided by (-2)/3 + 32/o.
0
Let f(c) = 2 + 2*c**2 - 3*c - 4 - 3. Let o be f(-9). Suppose 4*p = -5*u + o, -5*u = 3*p - 2*p - 46. What is the remainder when p is divided by 16?
14
Let l be (8/16)/(2/(-20)). Calculate the remainder when 123/3 - (l + 3) is divided by 15.
13
Let d(w) = 2*w - 6. Let h(n) = n**3 + 2*n**2 - 4*n + 1. Let x be h(-3). Calculate the remainder when d(6) is divided by -8*1*(-2)/x.
2
Suppose 2*m - v = 63, -5*m - 2*v - v + 174 = 0. What is the remainder when 163 is divided by m?
31
Let x = 68 + -35. Suppose -18 = -q - k, q - k - x = k. Let l = q - 10. Calculate the remainder when 49 is divided by l.
10
Suppose 5*l + 4*h - 1078 = 0, 6*l + 2*h - 860 = 2*l. What is the remainder when l is divided by 43?
42
Let v(s) = -s + 9. Let z be v(7). Suppose -132 = z*i - 6*i. Let h(w) = -w**3 - 5*w**2 - 4*w - 3. What is the remainder when i is divided by h(-5)?
16
Let k(x) = -x**2 - 11*x - 5. Let y be 3*(-3 - (-1)/(-3)). What is the remainder when 4/(-12) + 129/9 is divided by k(y)?
4
Let q = 10 + -7. Suppose -3*o + 3 = 0, 0 = k + 3*o - 0*o - 11. Calculate the remainder when k is divided by q.
2
Let r(t) = -t**3 - t**2 + 13. Let h = 1 + -1. Suppose -3*i + 3 + 12 = 0. What is the remainder when r(h) is divided by i?
3
Let a(w) = -w**2 + 14*w - 2. Suppose -2 = -2*u + 8. Suppose 61 = 4*v + 5*t, 52 = 4*v - v + u*t. Calculate the remainder when a(v) is divided by 15.
13
Suppose 3*u + 2*x = 4*x + 36, -3*u = 4*x - 54. What is the remainder when u is divided by 5?
4
Suppose -4*p + 14 = -3*j - 9, p + 2*j = -8. Suppose 0*m + 4*m = 12. Calculate the remainder when m is divided by 2/p*-2 + 4.
1
Let v = 1 - -2. Suppose 23 = 4*a + g, g + v*g - 26 = -5*a. Suppose 17 = 6*y - 5*y. Calculate the remainder when y is divided by a.
5
Suppose -v + 34 = 2*v - 5*h, 2*v - 2*h - 16 = 0. Suppose -28 = -m - v*m. Calculate the remainder when -2 + 1 + 13 + 1 is divided by m.
6
Suppose 0 = 3*g + d - 0*d - 56, -3*g = -3*d - 48. Suppose -2*t = -4*x - 124, 3*x + 38 = t - 29. Calculate the remainder when t is divided by g.
16
Let j = 31 - 20. Let f = -8 + j. What is the remainder when 7 is divided by f?
1
Suppose 0 = 3*y + 5*u - 39, y = u - 4*u + 13. What is the remainder when 24 is divided by y?
11
Let g(b) = -b**2 - 11*b - 3. What is the remainder when 58 is divided by g(-9)?
13
Let f = 2 - 3. Calculate the remainder when 10 is divided by (20 + -2)*f/(-3).
4
Let j(y) = -5*y - 17. Calculate the remainder when j(-5) is divided by 2.
0
Suppose i = -4*i + 75. What is the remainder when 44 is divided by i?
14
Suppose 6*g = 9*g + 2*f - 25, -5*g - f + 51 = 0. Suppose -3*s + 6 = -6. What is the remainder when g is divided by s?
3
Let p be (-428)/(-8) + 3/6. What is the remainder when ((-18)/p)/((-1)/78) is divided by 14?
12
Suppose -h - 2 + 6 = 0. Let y(t) = t**3 - 6*t**2 - t + 8. What is the remainder when h is divided by y(6)?
0
Suppose -3 = s - w - 32, 5*s - 165 = -5*w. Calculate the remainder when 60 is divided by s.
29
Calculate the remainder when 103 is divided by (-70)/3*51/(-34).
33
Suppose 4*k = -4*v - 8, -v + 0*v - 2*k = 7. Calculate the remainder when 7 is divided by v.
1
Let j = -42 - -48. Calculate the remainder when 195/12 + 2/(-8) is divided by j.
4
Let v(s) = -s + 6. What is the remainder when v(0) is divided by 3?
0
Suppose 0*z + z + 5*y = 0, -5*z = -2*y - 27. What is the remainder when (-4)/(-14) + (-332)/(-14) is divided by z?
4
Suppose 3*w - 20 = 22. Calculate the remainder when 41 is divided by w.
13
Let b = 7 - 14. Let k(x) be the third derivative of -x**5/60 - 3*x**4/8 - x**3 + x**2. Calculate the remainder when k(b) is divided by 5.
3
Let q = -28 + 47. Calculate the remainder when 135/(-18)*(-14)/3 is divided by q.
16
Suppose -5 + 0 = 5*n, z - 44 = -3*n. Let r = z + -24. Calculate the remainder when r is divided by 8.
7
Let z = 4 + -4. Suppose 0*o + o - 11 = z. What is the remainder when 183/6 - 1/2 is divided by o?
8
Suppose 5*w - 3*k = 22 - 0, -3*k - 10 = w. Suppose -w*r + 4*z + 7 = -7, -r - 3*z + 2 = 0. Suppose -3*v + 4 = -r. Calculate the remainder when 8 is divided by v.
2
Let f be 1/(-2)*(4 - 0). Let i(o) = -3*o**3 - 3*o**2 + 2. Calculate the remainder when i(f) is divided by 5.
4
Let d = 23 - -9. Let c(j) = 16*j**2 + 2*j - 1. What is the remainder when d is divided by c(1)?
15
Suppose -2*i + 18 = -3*i. Let f = i + 31. What is the remainder when f is divided by (-2)/(-7) - (-47)/7?
6
What is the remainder when 0/(-2) - (-81 - 5) is divided by 22?
20
Let q(u) = -u + 2. Calculate the remainder when (-33)/(-4)*2*2 is divided by q(-15).
16
Let s(r) = 8*r + 1. Let a be ((-10)/(-8))/(5/20). Suppose -q - 2 = d - 35, 5*d = -a. Calculate the remainder when q is divided by s(1).
7
Suppose -99 = -3*o - 18. What is the remainder when o is divided by (6/4 - 2)/((-12)/360)?
12
Let d(j) = 15*j + 3. Let q = -18 + 35. Calculate the remainder when d(3) is divided by q.
14
Suppose 0 = -2*b - 2*b + 4. What is the remainder when 50 is divided by 5 + 9 + -2 + b?
11
Let h(i) = i + i**3 - 5*i + 3*i**2 + 3 - i**2 - i**2. Calculate the remainder when h(4) is divided by 23.
21
Let k be (-400)/(-4) - (-3 + 2). Let n = k - 16. Suppose 2*q + n = 7*q. What is the remainder when q is divided by 6?
5
Let o = -46 - -49. What is the remainder when 17 is divided by o?
2
Let n = -14 - -33. Calculate the remainder when n is divided by 11.
8
Suppose -5*k = -3*y - 0*y - 393, 3*y - 93 = -k. Suppose -g + 20 = 5*z, 3*z + k + 19 = 5*g. Calculate the remainder when g is divided by 7.
6
Suppose -5*i - 110 = -860. What is the remainder when (4/(-12))/((-2)/i) is divided by 9?
7
Let z be (0 - 1)/((-1)/(-11)). Let y = z + 28. Calculate the remainder when 32 is divided by y.
15
Let c be 3*16/(8 - 4). Let m = 26 - c. Calculate the remainder when 53 is divided by m.
11
Let l = 65 - 55. Let j = 14 - -4. Calculate the remainder when j is divided by l.
8
Calculate the remainder when 97 is divided by (18/(-27))/((-4)/150).
22
Suppose 0 = -2*u + 43 - 3. Calculate the remainder when 34 is divided by u.
14
Let q(i) = -i**3 - 6*i**2 + 2*i + 8. Calculate the remainder when q(-7) is divided by -6*(1 - 28/8).
13
Suppose -3*w = -w - 14. Suppose 0 = c + 2*q - w, 2*q + 53 = -c + 4*c. What is the remainder when c is divided by 9?
6
Let j = 45 - 32. Let x = 3 - 9. Calculate the remainder when (x/(-9))/((-2)/(-72)) is divided by j.
11
Let o be ((-3)/(-1))/((-39)/(-26)). Let c(m) = 12*m**3 - 4*m**2 + 4*m - 2. Calculate the remainder when c(o) is divided by 29.
28
Calculate the remainder when 70 is divided by 2*17 + (-10)/(-5).
34
Let b = 103 + -43. What is the remainder when b is divided by 31?
29
Suppose 5*m = 180 + 50. Let p = -9 + m. What is the remainder when p is divided by 13?
11
Let b(c) be the third derivative of c**5/60 - c**4/12 - 7*c**3/6 + c**2. Let g be -1 + -3*4/(-2). What is the rema